65
Calculate the remainder when (-149 - -144)*(-1782)/15 is divided by 148.
2
Let f(j) = -j**3 + 10*j**2 - 14*j + 49. Calculate the remainder when f(6) is divided by 32.
13
Let x = 22 + 17. Suppose 3*j - 56 = 2*p - j, p + 5*j + 14 = 0. Let n = 179 + p. What is the remainder when n is divided by x?
38
Let u(j) = j**2 - 70*j - 156. What is the remainder when 20157 is divided by u(-4)?
137
Suppose 4*j + 110 + 14 = -3*x, -20 = j - 2*x. Suppose -15 = 2*n + 2*c + 7, -17 = n - c. Let w = n - j. What is the remainder when 54 is divided by w?
12
Let u(b) = -b**2 + 12*b + 9. Suppose 5 = 2*v - 2*l - 19, -v + 2*l + 12 = 0. What is the remainder when 27 - (-3 + 1) - -4 is divided by u(v)?
6
Calculate the remainder when 3694 is divided by (-27)/((-162)/(-8)) + 1398/9.
152
Let s = 7572 - 7521. Let b(c) = -c**2 + 4*c - 3. What is the remainder when s is divided by b(2)?
0
Let g = 6949 - 2809. What is the remainder when g is divided by 109?
107
Let l = -83 - -62. Calculate the remainder when 14/l*8265/(-10) is divided by 69.
68
Let b(a) = -947*a - 573. What is the remainder when b(-2) is divided by 102?
97
Let v be -9 + 2 - (10 + -1202). Suppose -8*w + 367 + v = 0. What is the remainder when w is divided by 13?
12
Suppose 5*a - 288 = -4*a. Suppose -5*k - 35 = 3*o - 31, 0 = -o - k + 2. What is the remainder when a is divided by o?
4
Calculate the remainder when 12299/105 + 34 - (0 + (-2)/(-15)) is divided by 85.
66
Let m be 38/(-12) - (-5)/30. Let o be (23/(-3) - -2) + 1/m. Calculate the remainder when 18 is divided by (o/12)/((-2)/40).
8
Suppose 0 = m - 4, 3*p - 20*m + 15*m = -50. Let n = 60 + -31. What is the remainder when n is divided by p/40*5/((-5)/32)?
5
Let n(v) = -v**3 - v**2 - 3. Let k be n(0). Suppose 4*j - j = 4*m + 29, 2*j - 18 = 3*m. Calculate the remainder when 69 is divided by (-53)/k - (-5)/j.
15
Let i(w) = 77*w**2 + w**3 - 210*w**2 - 3*w - 22 + 75*w**2 + 69*w**2. What is the remainder when i(-11) is divided by 6?
5
Suppose -399 = -21*v + 2*v. Suppose 4*x + x - 115 = 0. What is the remainder when 4/14 - (-918)/v is divided by x?
21
Let v be (-1)/((-5 + 0)/(-345)). Let l = 140 + v. Calculate the remainder when l is divided by 756/30 - (-3)/(-15).
21
Let i = 352 - 362. Let p(z) = 67*z + 1. What is the remainder when p(1) is divided by (-1925)/(-100) - i/(-8)?
14
Let j(m) = m**2 - 80*m + 1702. Calculate the remainder when 287 is divided by j(33).
136
Suppose -52 = 5*v - 257. Suppose -39 = 2*l - v. Suppose 3*x - 2*g = 29, -x = 2*g - l - 22. Calculate the remainder when 17 is divided by x.
4
Let r(f) = 2 - 11 - 23*f**2 - f + 24*f**2. Calculate the remainder when r(6) is divided by 14.
7
Suppose -75*j = -4700 - 3625. Calculate the remainder when 401 is divided by j.
68
Suppose -42*l = -36*l - r - 475, 4*r + 4 = 0. What is the remainder when l is divided by 58?
21
Let y(d) = -3*d**2 + 4*d + 4. Let q be y(0). Suppose -q*o + 4*j = -120, -j = -13 + 8. Calculate the remainder when o is divided by (12/(-10))/(1/(-10)).
11
Suppose 4*f - 837 = 5*d + 135, -d + 1244 = 5*f. Calculate the remainder when f is divided by 38.
20
Suppose -2*c + 51 = 31. Calculate the remainder when (-20)/100 + 622/c is divided by 31.
0
Let o(p) = -92*p - 68. Let g be o(-5). Let m = g - 290. Calculate the remainder when m is divided by 35.
32
Suppose -11 = -2*d + 13. Let s(h) = 22*h + 981. Calculate the remainder when s(-36) is divided by d.
9
Let v be (-436)/(-18) - 98/441. Suppose 4*f + 3*p - v = 5*p, 2*f - 4*p = 18. What is the remainder when 6 is divided by f?
1
Let q = 1 + -3. Let g = 12 + q. What is the remainder when 6*18/(-36)*(-1)/(3/47) is divided by g?
7
What is the remainder when 1736 is divided by -4 + -1 - (-2*19 + 0/49)?
20
Let x(v) = -19244 + 63*v + 70*v + 19244. What is the remainder when x(1) is divided by 21?
7
Suppose 12*n - 2*n = 50. Suppose -11 + n = -v. Suppose -3*k = 3*w - 210, k + 3*w + 342 = v*k. Calculate the remainder when k is divided by 14.
13
Let b = -1 + 20. Let a(h) = h**3 - 2*h**2 + 3. Let t be a(2). Suppose 0 = -t*q + 15, -l + 51 = 3*q - 57. Calculate the remainder when l is divided by b.
17
Let n be (-273)/(-195)*2*5/2. Let w = 23 - n. Calculate the remainder when 223 is divided by w.
15
Let u be 4/(-5)*1/((-1)/80). Suppose 57*t + 189 = u*t. What is the remainder when 105 is divided by t?
24
Let q = -4967 + 4962. Let m(k) = -k**2 + 5*k - 21. Let w(c) = 3*c - 10. Let d(g) = -3*m(g) + 7*w(g). What is the remainder when d(q) is divided by 8?
6
Suppose 20 = -5*v + s + 4*s, -v = 5*s + 10. What is the remainder when (-2)/v + 2190/25 is divided by (10 - 9) + 2 + 27?
28
Let l = 7 + 70. Suppose -3*y + 369 + 235 = 5*j, -2*j + 616 = 3*y. Suppose 23 = 11*o - y. What is the remainder when l is divided by o?
14
Suppose -13*k + 8*k + 45 = 0. Suppose -s + k*j + 24 = 4*j, 2*s - 24 = 2*j. What is the remainder when 15 is divided by s?
6
Let r(v) = -3*v**2 - 35*v - 20. Calculate the remainder when 109 is divided by r(-8).
41
Let w(j) = -35*j - 369. Calculate the remainder when 343 is divided by w(-20).
12
Suppose -3*z + 7 = -2*y, 0 = 5*z + 4*y - 42 + 1. Let w(g) = g**3 - 5*g**2 - 23*g + 5. Calculate the remainder when w(8) is divided by z.
3
Let x be -6*43/(-4)*(-5 + 7). Let h = -92 + x. What is the remainder when h is divided by 7?
2
Let x(d) = 3*d**2 + 196*d + 285. What is the remainder when (684/30)/((-9)/(-30)) is divided by x(-64)?
18
Let x(t) = -2*t + 16. Let u be x(6). Suppose -3*c = -4*c + u. Suppose -2*p = p + 4*s - 35, -s = c*p - 64. Calculate the remainder when 65 is divided by p.
14
Suppose -2*g - 4 = -5*a - 277, -642 = -5*g - a. Suppose -5*d = -2*d - g. Suppose 0 = -5*t + d + 32. What is the remainder when 74 is divided by t?
14
Let z(p) = p**3 - 12*p**2 + 6. Let o be z(12). Let u be -14*(-3)/o*1. Suppose 174 = u*m - 15. Calculate the remainder when m is divided by 4.
3
Let z = 3601 + -3564. What is the remainder when z is divided by 32?
5
Let v = -16 - -21. Suppose 18 = h - 5*j, -3 = -v*h - j - 3*j. Suppose -3 - h = 3*x, -5*r - x + 178 = 0. Calculate the remainder when r is divided by 19.
17
Let d(r) = r**2 + 28*r + 124. Let s = -78 - -84. What is the remainder when d(-4) is divided by s?
4
Suppose 9*c - 105 - 4485 = 0. Calculate the remainder when c is divided by 4.
2
Suppose 5*o + 5*r = 515, 3*o - 506 = -2*o - 2*r. Suppose 0 = o*j - 91*j - 5265. Calculate the remainder when j is divided by 98.
95
Suppose -9*o = -8*o + 1. Suppose -6 = -2*s, 4*x - 5*x = 3*s - 19. Calculate the remainder when o - (-30 + 4 + 4) is divided by x.
1
Let f = 1050 + -702. Suppose 12*z - 8*z - f = 0. Calculate the remainder when z is divided by 26.
9
Calculate the remainder when 322 is divided by 2*-1*-1 + (145 - 100).
40
Suppose 38*p = -4*a + 33*p + 820, -5*a = -p - 996. What is the remainder when a is divided by 24?
8
Let a(j) = -2*j**2 - 2 - 7*j + 0 - 6 + 0*j**2. Let z be a(-4). Let d(p) = -2*p - 15. What is the remainder when 33 is divided by d(z)?
6
Let w be 142/4*(8 - (8 - 6)). Let x = w + -190. What is the remainder when 83 is divided by x?
14
Suppose 0 = f + 3*f - 104. Suppose 3*u = f + 25. Suppose -887 = 249*b - 2879. Calculate the remainder when u is divided by b.
1
Suppose 22583 = 66*a - 8503. Calculate the remainder when a is divided by 3.
0
Let g = -10519 - -11147. Calculate the remainder when g is divided by 109.
83
Let k(w) = -w**3 + 7*w**2 - 3. What is the remainder when k(6) is divided by (3 + -8)/((-10)/12)?
3
Suppose -23*p + 171739 = 86*p - 12689. What is the remainder when p is divided by 28?
12
Suppose 0 = 19*a - 392 - 1983 - 380. What is the remainder when 3621 is divided by a?
141
Suppose -p + 4*j + 64 = 0, 3 + 273 = 5*p + 2*j. Calculate the remainder when 83 is divided by p.
27
Suppose -l + d = -318, 5*l - 310 = 4*l + 3*d. Calculate the remainder when l is divided by ((-57)/(-6) + -3)*(-6)/(-3).
10
Let h = -195 + 198. Suppose -5*o + 4*a + 1053 = 0, -h*o + 864 = o + 4*a. What is the remainder when o is divided by 27?
24
Suppose -26730 - 31279 = -171*l + 24071. What is the remainder when 2404 is divided by l?
4
Suppose 164*h + 2*m + 414 = 168*h, -2*h + 177 = 5*m. Calculate the remainder when 603 is divided by h.
98
Let m(h) = -h**3 + 11*h**2 - 11*h - 44. Let p(k) = -k**3 - 2*k**2 - 2*k - 2. Calculate the remainder when m(8) is divided by p(-3).
8
Let 